{"id":8,"date":"2009-03-13T14:46:37","date_gmt":"2009-03-13T13:46:37","guid":{"rendered":"https:\/\/vgak.info\/devwork\/?page_id=8"},"modified":"2014-03-11T20:45:06","modified_gmt":"2014-03-11T19:45:06","slug":"ledamoter","status":"publish","type":"page","link":"https:\/\/vgak.info\/?page_id=8","title":{"rendered":"Ledam\u00f6ter"},"content":{"rendered":"<p>V\u00e4stra Gastronomiska Akademin skall ha h\u00f6gst 21 ledam\u00f6ter. Akademin v\u00e4ljer till ledamot personer vilkas kunskap kan vara av v\u00e4sentlig betydelse f\u00f6r dess arbete och som kan f\u00f6rv\u00e4ntas samarbeta v\u00e4l med \u00f6vriga ledam\u00f6ter. <em>Verksam<\/em> ledamot innehar sin stol p\u00e5 livstid, men kan avg\u00e5 n\u00e4r ledamot s\u00e5 \u00f6nskar.<\/p>\n<p>Verksamma<br \/>\nEmeritus<br \/>\nAvlidna<br \/>\nAvg\u00e5ngna<\/p>\n","protected":false},"excerpt":{"rendered":"<p>V\u00e4stra Gastronomiska Akademin skall ha h\u00f6gst 21 ledam\u00f6ter. Akademin v\u00e4ljer till ledamot personer vilkas kunskap kan vara av v\u00e4sentlig betydelse f\u00f6r dess arbete och som kan f\u00f6rv\u00e4ntas samarbeta v\u00e4l med \u00f6vriga ledam\u00f6ter. Verksam ledamot innehar sin stol p\u00e5 livstid, men kan avg\u00e5 n\u00e4r ledamot s\u00e5 \u00f6nskar. Verksamma Emeritus Avlidna Avg\u00e5ngna<\/p>\n","protected":false},"author":6,"featured_media":0,"parent":0,"menu_order":0,"comment_status":"closed","ping_status":"closed","template":"","meta":{"hide_page_title":"","footnotes":""},"class_list":["post-8","page","type-page","status-publish","hentry"],"_links":{"self":[{"href":"https:\/\/vgak.info\/index.php?rest_route=\/wp\/v2\/pages\/8","targetHints":{"allow":["GET"]}}],"collection":[{"href":"https:\/\/vgak.info\/index.php?rest_route=\/wp\/v2\/pages"}],"about":[{"href":"https:\/\/vgak.info\/index.php?rest_route=\/wp\/v2\/types\/page"}],"author":[{"embeddable":true,"href":"https:\/\/vgak.info\/index.php?rest_route=\/wp\/v2\/users\/6"}],"replies":[{"embeddable":true,"href":"https:\/\/vgak.info\/index.php?rest_route=%2Fwp%2Fv2%2Fcomments&post=8"}],"version-history":[{"count":4,"href":"https:\/\/vgak.info\/index.php?rest_route=\/wp\/v2\/pages\/8\/revisions"}],"predecessor-version":[{"id":570,"href":"https:\/\/vgak.info\/index.php?rest_route=\/wp\/v2\/pages\/8\/revisions\/570"}],"wp:attachment":[{"href":"https:\/\/vgak.info\/index.php?rest_route=%2Fwp%2Fv2%2Fmedia&parent=8"}],"curies":[{"name":"wp","href":"https:\/\/api.w.org\/{rel}","templated":true}]}}