{"id":39,"date":"2009-03-13T16:37:05","date_gmt":"2009-03-13T15:37:05","guid":{"rendered":"https:\/\/vgak.info\/devwork\/?page_id=39"},"modified":"2019-01-08T10:54:33","modified_gmt":"2019-01-08T09:54:33","slug":"verksamma","status":"publish","type":"page","link":"https:\/\/vgak.info\/?page_id=39","title":{"rendered":"Verksamma"},"content":{"rendered":"<p style=\"text-align: center;\"><img loading=\"lazy\" decoding=\"async\" class=\"aligncenter\" src=\"http:\/\/www.vgak.info\/images\/verkled.jpg\" alt=\"\" width=\"453\" height=\"148\" \/><\/p>\n<ul>\n<li style=\"list-style-type: none;\">\n<ul>\n<li><a href=\"mailto: preses@vgak.info\">Dan Berntsson<\/a>, Falkenberg, Akademins preses 2018-20<\/li>\n<li><a href=\"mailto:gote.bernhardsson@vgak.info\">G\u00f6te Bernhardsson,<\/a> f.d. Landsh\u00f6vding, V\u00e4stra G\u00f6taland, Ak. int. revisor 2018-20<\/li>\n<li><a href=\"mailto:tommy.andersson@handels.gu.se\">Tommy Andersson<\/a>,<a href=\"http:\/\/www.handels.gu.se\/\" target=\"_blank\" rel=\"noopener\"> Professor, Handelsh\u00f6gskolan G\u00f6teborg<\/a><\/li>\n<li><a href=\"mailto:alf.carlsson@vgak.info\">Alf Carlsson<\/a>, F.d. Rektor HRS, G\u00f6teborg<\/li>\n<li><a href=\"mailto:thomas.dafgard@vgak.info\">Thomas Dafg\u00e5rd, <\/a><a href=\"http:\/\/www.dafgard.se\/\" target=\"_blank\" rel=\"noopener\"> Direkt\u00f6r<\/a><\/li>\n<li><a href=\"mailto:director@vgak.info\">Torbj\u00f6rn Eliasson<\/a>, Akademins Director 2018-20 Civilekonom<\/li>\n<li><a href=\"mailto:stefan.grynge@vgak.info\">Stefan Grynge<\/a>, Kock, Utbildare, Sk\u00f6vde<\/li>\n<li><a href=\"mailto:carina.hansson@vgak.info\">Carina Hanson<\/a>, <a href=\"http:\/\/www.estrella.se\" target=\"_blank\" rel=\"noopener\"> VD Estrella, G\u00f6teborg<\/a><\/li>\n<li><a href=\"mailto:bruno.hedlund@vgak.info\">Bruno Hedlund<\/a>, \u00a0 <a href=\"http:\/\/www.sik.se\/\" target=\"_blank\" rel=\"noopener\">SIK<\/a> Akademins kass\u00f6r 2018-20<\/li>\n<li><a href=\"mailto:ulf.johansson@vgak.info\">Ulf Johansson<\/a>, <a href=\"http:\/\/www.28plus.se\" target=\"_blank\" rel=\"noopener\">Restaurat\u00f6r, Rest. 28+, G\u00f6teborg<\/a><\/li>\n<li><a href=\"mailto:gun.karlsson@vgak.info\">Gun Karlsson,<\/a> <a href=\"http:\/\/www.vgak.info\" target=\"_blank\" rel=\"noopener\">Kock, Dyr\u00f6n<\/a>,\u00a0 Akademins St\u00e4ndige sekreterare 2018-20<\/li>\n<li><a href=\"mailto:leif.mannerstrom@vgak.info\">Leif Mannerstr\u00f6m<\/a>,<a href=\"http:\/\/www.restaurangkometen.se\/\" target=\"_blank\" rel=\"noopener\"> Restaurat\u00f6r, Rest. Kometen<\/a><\/li>\n<li><a href=\"mailto:lena.mossberg@vgak.info\">Lena Mossberg<\/a>, Professor Handelsh\u00f6gskolan G\u00f6teborg,<\/li>\n<li><a href=\"mailto:mats.nordstrom@vgak.info\">Mats Nordstr\u00f6m,<\/a> restaurat\u00f6r, G\u00f6teborg<\/li>\n<li><a href=\"mailto:lars-magnus.olovson@vgak.info\">Lars-Magnus Olovson,<\/a> Veterin\u00e4r, Ljungskil<a href=\"http:\/\/www.vgak.info\/lmo\/shop\" target=\"_blank\" rel=\"noopener\">e<\/a><\/li>\n<li><a href=\"mailto:birgitta.rasmusson@vgak.info\">Birgitta Rasmusson,<\/a>, f.d. Provk\u00f6kschef ICA, F\u00f6rfattare<\/li>\n<li><a href=\"mailto:ann-sofie.sandberg@vgak.info\">Ann Sofie Sandberg<\/a>,<a href=\"http:\/\/www.chalmers.se\/\" target=\"_blank\" rel=\"noopener\"> Professor, Chalmers<\/a><\/li>\n<li><a href=\"mailto: Ilona.miglavs@vgak.info\">Ilona Miglavs<\/a>, Olofstorp<\/li>\n<li><a href=\"mailto: gosta.magnusson@vgak.info\">G\u00f6sta Magnusson<\/a>, M\u00f6netorps g\u00e5rd, Falk\u00f6ping<\/li>\n<\/ul>\n<\/li>\n<\/ul>\n<ul>\n<li>Revisor: Aukt. Rev. Lars Steen, G\u00f6teborg.<\/li>\n<\/ul>\n","protected":false},"excerpt":{"rendered":"<p>Dan Berntsson, Falkenberg, Akademins preses 2018-20 G\u00f6te Bernhardsson, f.d. Landsh\u00f6vding, V\u00e4stra G\u00f6taland, Ak. int. revisor 2018-20 Tommy Andersson, Professor, Handelsh\u00f6gskolan G\u00f6teborg Alf Carlsson, F.d. Rektor HRS, G\u00f6teborg Thomas Dafg\u00e5rd, Direkt\u00f6r Torbj\u00f6rn Eliasson, Akademins Director 2018-20 Civilekonom Stefan Grynge, Kock, Utbildare, Sk\u00f6vde Carina Hanson, VD Estrella, G\u00f6teborg Bruno Hedlund, \u00a0 SIK Akademins kass\u00f6r 2018-20 Ulf Johansson, [&hellip;]<\/p>\n","protected":false},"author":6,"featured_media":0,"parent":8,"menu_order":0,"comment_status":"closed","ping_status":"closed","template":"","meta":{"hide_page_title":"","footnotes":""},"class_list":["post-39","page","type-page","status-publish","hentry"],"_links":{"self":[{"href":"https:\/\/vgak.info\/index.php?rest_route=\/wp\/v2\/pages\/39","targetHints":{"allow":["GET"]}}],"collection":[{"href":"https:\/\/vgak.info\/index.php?rest_route=\/wp\/v2\/pages"}],"about":[{"href":"https:\/\/vgak.info\/index.php?rest_route=\/wp\/v2\/types\/page"}],"author":[{"embeddable":true,"href":"https:\/\/vgak.info\/index.php?rest_route=\/wp\/v2\/users\/6"}],"replies":[{"embeddable":true,"href":"https:\/\/vgak.info\/index.php?rest_route=%2Fwp%2Fv2%2Fcomments&post=39"}],"version-history":[{"count":18,"href":"https:\/\/vgak.info\/index.php?rest_route=\/wp\/v2\/pages\/39\/revisions"}],"predecessor-version":[{"id":584,"href":"https:\/\/vgak.info\/index.php?rest_route=\/wp\/v2\/pages\/39\/revisions\/584"}],"up":[{"embeddable":true,"href":"https:\/\/vgak.info\/index.php?rest_route=\/wp\/v2\/pages\/8"}],"wp:attachment":[{"href":"https:\/\/vgak.info\/index.php?rest_route=%2Fwp%2Fv2%2Fmedia&parent=39"}],"curies":[{"name":"wp","href":"https:\/\/api.w.org\/{rel}","templated":true}]}}