{"id":272,"date":"2009-05-10T21:57:38","date_gmt":"2009-05-10T20:57:38","guid":{"rendered":"https:\/\/vgak.info\/?page_id=272"},"modified":"2010-02-03T12:34:46","modified_gmt":"2010-02-03T11:34:46","slug":"symposium-iv","status":"publish","type":"page","link":"https:\/\/vgak.info\/?page_id=272","title":{"rendered":"Symposium IV"},"content":{"rendered":"<p><center><font size=+3><a name=\"symposium\">Symposium <\/a>4<\/font><\/p>\n<h3>M\u00e5ltiden I Framtiden<\/h3>\n<h4><a href=stefang.htm>Stefan Grynge,<\/a> Rest Lyon.<br \/>\nV\u00e4stra Gastronomiska Akademins Stipendiat .<br \/>\nSymposium Stora Ordensalen, Valand, Vasagatan 41, G\u00f6teborg, den 9 Oktober 2001, kl. 8-17.<br \/>\n<\/p>\n<h4>PROGRAM<\/h4>\n<p><center><\/p>\n<table width=\"80%\" cellpadding=12>\n<tr>\n<td>08.00-09.00\t<\/td>\n<td>Registrering. Bergstrands Framtidskaffe\/Twinings Framtidste och Steinbrenner &#038; Nybergs Framtidsmorgonbr\u00f6d.<\/td>\n<\/tr>\n<tr>\n<td>09.00-09.10<\/td>\n<td>Seminariet \u00d6ppnas, Presentation av Akademins Pristagare Stefan Grynge, <i>Leif Mannerstr\u00f6m, <\/i>Akademins Preses<\/td>\n<\/tr>\n<tr>\n<td>09.15-12.15<\/td>\n<td>\tF\u00f6rel\u00e4sningar:<br \/>\n\t\t\t\t&#8211; M\u00e5ltiden i Framtiden, <i>Gert Kl\u00f6tzke, <\/i> Professor Ume\u00e5 univ, Kocklandslagets ledare, VD H\u00f6gbo bruk.<br \/>\n\t\t\t\t&#8211; En matdag i norden, <i>Marianne Pipping Ekstr\u00f6m,<\/i> Lektor IHu<br \/>\n\t\t\t\t&#8211; Sous Vide, En teknik f\u00f6r framtiden? <i>Ren\u00e9 Olsson, <\/i>Atria Meal.<\/td>\n<\/tr>\n<tr>\n<td>12.30-13.30<\/td>\n<td>Lunch. Vi \u00e4ter framtidens luncher hos utvalda restauranger kring Avenyn.,<\/p>\n<tr>\n<td>13.30-15.00<\/td>\n<td>Hur kommer framtidens m\u00e5ltid att gestalta sig? Gruppdiskussioner till Bergstrands Kaffe med Steinbrenner &#038; Nybergs framtida tillbeh\u00f6r samt Klings glass<\/td>\n<\/tr>\n<tr>\n<td>15.00-15.30<\/td>\n<td>Redovisning av gruppdiskussionerna<\/td>\n<\/tr>\n<tr>\n<td>15.30-17.00<\/td>\n<td>Inledning till Paneldiskussion, <i>Stefan Grynge.<\/i> Fr\u00e5gest\u00e4llningarna fr\u00e5n gruppdiskussionerna m\u00f6ter v\u00e5ra f\u00f6redragsh\u00e5llare, samt Landsh\u00f6vding<i> G\u00f6te Bernhardsson, Leif Mannerstr\u00f6m<\/i> och <i>Stefan Grynge.<\/i> Moderator<i> Solveig Bj\u00f6rcke,<\/i> Prefekt IHu. <\/td>\n<\/tr>\n<tr>\n<td>19.00 &#8211; 23.00<\/td>\n<td>Framtidens festv\u00e5ningsmiddag. Valands festv\u00e5ning,\n<\/td>\n<\/tr>\n<tr>\n<td>Pris:<\/td>\n<td>F\u00f6rel\u00e4sningar: 300:- inklusive lunch och kaffe.<br \/>Middag. 500:-<\/td>\n<\/tr>\n<tr>\n<td>Anm\u00e4lan:<\/td>\n<td>\t\tPer fax till 031-20 78 58 senast fredagen den 5 oktober 2001.<\/td>\n<\/tr>\n<\/table>\n","protected":false},"excerpt":{"rendered":"<p>Symposium 4 M\u00e5ltiden I Framtiden Stefan Grynge, Rest Lyon. V\u00e4stra Gastronomiska Akademins Stipendiat . Symposium Stora Ordensalen, Valand, Vasagatan 41, G\u00f6teborg, den 9 Oktober 2001, kl. 8-17. PROGRAM 08.00-09.00 Registrering. Bergstrands Framtidskaffe\/Twinings Framtidste och Steinbrenner &#038; Nybergs Framtidsmorgonbr\u00f6d. 09.00-09.10 Seminariet \u00d6ppnas, Presentation av Akademins Pristagare Stefan Grynge, Leif Mannerstr\u00f6m, Akademins Preses 09.15-12.15 F\u00f6rel\u00e4sningar: &#8211; M\u00e5ltiden [&hellip;]<\/p>\n","protected":false},"author":6,"featured_media":0,"parent":14,"menu_order":7,"comment_status":"closed","ping_status":"closed","template":"","meta":{"hide_page_title":"","footnotes":""},"class_list":["post-272","page","type-page","status-publish","hentry"],"_links":{"self":[{"href":"https:\/\/vgak.info\/index.php?rest_route=\/wp\/v2\/pages\/272","targetHints":{"allow":["GET"]}}],"collection":[{"href":"https:\/\/vgak.info\/index.php?rest_route=\/wp\/v2\/pages"}],"about":[{"href":"https:\/\/vgak.info\/index.php?rest_route=\/wp\/v2\/types\/page"}],"author":[{"embeddable":true,"href":"https:\/\/vgak.info\/index.php?rest_route=\/wp\/v2\/users\/6"}],"replies":[{"embeddable":true,"href":"https:\/\/vgak.info\/index.php?rest_route=%2Fwp%2Fv2%2Fcomments&post=272"}],"version-history":[{"count":3,"href":"https:\/\/vgak.info\/index.php?rest_route=\/wp\/v2\/pages\/272\/revisions"}],"predecessor-version":[{"id":369,"href":"https:\/\/vgak.info\/index.php?rest_route=\/wp\/v2\/pages\/272\/revisions\/369"}],"up":[{"embeddable":true,"href":"https:\/\/vgak.info\/index.php?rest_route=\/wp\/v2\/pages\/14"}],"wp:attachment":[{"href":"https:\/\/vgak.info\/index.php?rest_route=%2Fwp%2Fv2%2Fmedia&parent=272"}],"curies":[{"name":"wp","href":"https:\/\/api.w.org\/{rel}","templated":true}]}}