{"id":270,"date":"2009-05-10T21:53:52","date_gmt":"2009-05-10T20:53:52","guid":{"rendered":"https:\/\/vgak.info\/?page_id=270"},"modified":"2010-02-03T12:33:09","modified_gmt":"2010-02-03T11:33:09","slug":"symposium-iii","status":"publish","type":"page","link":"https:\/\/vgak.info\/?page_id=270","title":{"rendered":"Symposium III"},"content":{"rendered":"<p><font size=+3><a name=\"symposium\">Symposium<\/a>3<\/font><\/p>\n<h3>TEMA \u00d6RTER<\/h3>\n<h4>\nDet Hall\u00e4ndska \u00d6rtaprojektet.<br \/>\nV\u00e4stra Gastronomiska Akademins stipendiat 1999.<br \/>\nSymposium vid Institutionen f\u00f6r Hush\u00e5llsvetenskap,<br \/> G\u00f6teborgs Universitet, Aulan,<br \/>\nBirger Jarlsgatan 3, G\u00f6teborg, kl. 9-17, den 21 September, 2000.<\/h4>\n<p><\/p>\n<h4>PROGRAM<\/h4>\n<table width=\"80%\" cellpadding=12>\n<tr>\n<td>09.00-10.00\t<\/td>\n<td>Registrering. Kaffe, \u00d6rtutst\u00e4llning, \u00d6rtab\u00f6cker.<\/td>\n<\/tr>\n<tr>\n<td>10.00-10.15<\/td>\n<td>\tLeif Mannerstr\u00f6m\/Solveig Bj\u00f6rcke h\u00e4lsar v\u00e4lkommen<\/td>\n<\/tr>\n<tr>\n<td>09.15-12.00<\/td>\n<td>\tF\u00f6rel\u00e4sningar:<br \/>\n\t\t\t\t&#8211; \u00d6rternas anv\u00e4ndning i Sverige i historisk belysning, Ingvar Nordin.<br \/>\n\t\t\t\t&#8211; \u00d6rter i mat, Birgitta Rasmusson, Chef ICA Provk\u00f6k.<br \/>\n\t\t\t\t&#8211; \u00d6rter i dryck, Ingvar Nordin, Fil Dr. Botanik.\t<\/td>\n<\/tr>\n<tr>\n<td>12.00-13.30<\/td>\n<td>\tLunch. \u00d6rtutst\u00e4llning, \u00d6rtab\u00f6cker,<\/p>\n<tr>\n<td>13.30-14.40<\/td>\n<td>\tF\u00f6rel\u00e4sningar:<br \/>\n\t\t\t\t&#8211; Det hall\u00e4ndska \u00f6rtprojektet, Olof B\u00e5genholm, agronom<br \/>\n\t\t\t\t&#8211; Anl\u00e4ggning av en \u00f6rtag\u00e5rd, Rigmor Selander, tr\u00e4dg\u00e5rdsingenj\u00f6r<\/td>\n<\/tr>\n<tr>\n<td>14.40-15.00<\/td>\n<td>\tKaffe, \u00d6rtutst\u00e4llning, \u00d6rtab\u00f6cker.<\/td>\n<\/tr>\n<tr>\n<td>15.00-16.00<\/td>\n<td>\tPrisutdelning i finalen p\u00e5 Dr\u00f6mfesten,<br \/>\n\t\t\t\tG\u00f6te Bernhardsson, Landsh\u00f6vding<br \/>\n\t\t\t\tNiondeklasser fr\u00e5n Sk\u00e4lltorpsskolan, Lyrf\u00e5gelskolan och V\u00e5xtorp <br \/>\n\t\t\t\tt\u00e4vlar i att tillaga sin planerade dr\u00f6mm\u00e5ltid.<\/td>\n<\/tr>\n<tr>\n<td>16.00<\/td>\n<td>\t\tAvslutning<\/td>\n<\/tr>\n<tr>\n<td>Pris:<\/td>\n<td>\t\t260:- inklusive lunch och kaffe.<\/td>\n<\/tr>\n<tr>\n<td>Anm\u00e4lan:<\/td>\n<td>\t\tPer fax till 031-20 78 58 senast onsdagen den 20 september 2000.<\/td>\n<\/tr>\n<\/table>\n","protected":false},"excerpt":{"rendered":"<p>Symposium3 TEMA \u00d6RTER Det Hall\u00e4ndska \u00d6rtaprojektet. V\u00e4stra Gastronomiska Akademins stipendiat 1999. Symposium vid Institutionen f\u00f6r Hush\u00e5llsvetenskap, G\u00f6teborgs Universitet, Aulan, Birger Jarlsgatan 3, G\u00f6teborg, kl. 9-17, den 21 September, 2000. PROGRAM 09.00-10.00 Registrering. Kaffe, \u00d6rtutst\u00e4llning, \u00d6rtab\u00f6cker. 10.00-10.15 Leif Mannerstr\u00f6m\/Solveig Bj\u00f6rcke h\u00e4lsar v\u00e4lkommen 09.15-12.00 F\u00f6rel\u00e4sningar: &#8211; \u00d6rternas anv\u00e4ndning i Sverige i historisk belysning, Ingvar Nordin. &#8211; \u00d6rter [&hellip;]<\/p>\n","protected":false},"author":6,"featured_media":0,"parent":14,"menu_order":8,"comment_status":"closed","ping_status":"closed","template":"","meta":{"hide_page_title":"","footnotes":""},"class_list":["post-270","page","type-page","status-publish","hentry"],"_links":{"self":[{"href":"https:\/\/vgak.info\/index.php?rest_route=\/wp\/v2\/pages\/270","targetHints":{"allow":["GET"]}}],"collection":[{"href":"https:\/\/vgak.info\/index.php?rest_route=\/wp\/v2\/pages"}],"about":[{"href":"https:\/\/vgak.info\/index.php?rest_route=\/wp\/v2\/types\/page"}],"author":[{"embeddable":true,"href":"https:\/\/vgak.info\/index.php?rest_route=\/wp\/v2\/users\/6"}],"replies":[{"embeddable":true,"href":"https:\/\/vgak.info\/index.php?rest_route=%2Fwp%2Fv2%2Fcomments&post=270"}],"version-history":[{"count":3,"href":"https:\/\/vgak.info\/index.php?rest_route=\/wp\/v2\/pages\/270\/revisions"}],"predecessor-version":[{"id":366,"href":"https:\/\/vgak.info\/index.php?rest_route=\/wp\/v2\/pages\/270\/revisions\/366"}],"up":[{"embeddable":true,"href":"https:\/\/vgak.info\/index.php?rest_route=\/wp\/v2\/pages\/14"}],"wp:attachment":[{"href":"https:\/\/vgak.info\/index.php?rest_route=%2Fwp%2Fv2%2Fmedia&parent=270"}],"curies":[{"name":"wp","href":"https:\/\/api.w.org\/{rel}","templated":true}]}}