{"id":228,"date":"2009-05-10T20:59:18","date_gmt":"2009-05-10T19:59:18","guid":{"rendered":"https:\/\/vgak.info\/?page_id=228"},"modified":"2009-05-10T20:59:18","modified_gmt":"2009-05-10T19:59:18","slug":"arshogtid-1998","status":"publish","type":"page","link":"https:\/\/vgak.info\/?page_id=228","title":{"rendered":"\u00c5rsh\u00f6gtid 1998"},"content":{"rendered":"<p>Prisutdelare:<\/p>\n<p>Landsh\u00f6vdingen i<br \/>\nV\u00e4stra G\u00f6talands l\u00e4n<br \/>\nG\u00f6te Bernhardsson<\/p>\n<p>Plats:<\/p>\n<p>B\u00f6rsen, G\u00f6teborg<\/p>\n<p>Chef de Cuisine:<br \/>\nLeif Mannerstr\u00f6m<\/p>\n<p>Dessert<\/p>\n<p>Stefan Holmstr\u00f6m<\/p>\n","protected":false},"excerpt":{"rendered":"<p>Prisutdelare: Landsh\u00f6vdingen i V\u00e4stra G\u00f6talands l\u00e4n G\u00f6te Bernhardsson Plats: B\u00f6rsen, G\u00f6teborg Chef de Cuisine: Leif Mannerstr\u00f6m Dessert Stefan Holmstr\u00f6m<\/p>\n","protected":false},"author":6,"featured_media":0,"parent":10,"menu_order":48,"comment_status":"closed","ping_status":"closed","template":"","meta":{"hide_page_title":"","footnotes":""},"class_list":["post-228","page","type-page","status-publish","hentry"],"_links":{"self":[{"href":"https:\/\/vgak.info\/index.php?rest_route=\/wp\/v2\/pages\/228","targetHints":{"allow":["GET"]}}],"collection":[{"href":"https:\/\/vgak.info\/index.php?rest_route=\/wp\/v2\/pages"}],"about":[{"href":"https:\/\/vgak.info\/index.php?rest_route=\/wp\/v2\/types\/page"}],"author":[{"embeddable":true,"href":"https:\/\/vgak.info\/index.php?rest_route=\/wp\/v2\/users\/6"}],"replies":[{"embeddable":true,"href":"https:\/\/vgak.info\/index.php?rest_route=%2Fwp%2Fv2%2Fcomments&post=228"}],"version-history":[{"count":1,"href":"https:\/\/vgak.info\/index.php?rest_route=\/wp\/v2\/pages\/228\/revisions"}],"predecessor-version":[{"id":230,"href":"https:\/\/vgak.info\/index.php?rest_route=\/wp\/v2\/pages\/228\/revisions\/230"}],"up":[{"embeddable":true,"href":"https:\/\/vgak.info\/index.php?rest_route=\/wp\/v2\/pages\/10"}],"wp:attachment":[{"href":"https:\/\/vgak.info\/index.php?rest_route=%2Fwp%2Fv2%2Fmedia&parent=228"}],"curies":[{"name":"wp","href":"https:\/\/api.w.org\/{rel}","templated":true}]}}